)/(-4) + y/(-2). What is o(p)?
-9
Let a = 4 + -1. Let b(n) = -4 - 6*n + a*n + 0*n. Give b(-5).
11
Let g(a) = a**2 + a - 1. Suppose 6 = 14*q - 11*q. What is g(q)?
5
Let x(w) = -18*w**3 - 5*w**2 + 9*w + 1. Let a(y) = -17*y**3 - 4*y**2 + 8*y + 1. Let h(i) = -7*a(i) + 6*x(i). Give h(-1).
-12
Let m(u) = u**2 + 3*u + 3. Suppose -2*x - 5 = -3*o + 16, 0 = -2*o - x + 7. Suppose 2*s + 37 = 3*p + 8, -o*p - s + 31 = 0. Let l = p + -11. Determine m(l).
7
Let f(c) be the first derivative of -c**3/3 + 2*c**2 + 7*c - 8. Determine f(6).
-5
Suppose -u = -0*u + 3. Suppose -3*d + 5 = 2*d. Let p(l) = 3*l - d + 8*l**2 - 9*l**2 - 1 - 10*l. What is p(u)?
10
Let w(x) = 2*x + 10. Let p be w(-7). Let s(y) = -y - 5. Determine s(p).
-1
Let m(i) = 17*i**2 + 2*i + 1. Suppose -4*o - 5 = 5*z - 6, -4*o - 4*z = 0. What is m(o)?
16
Let z be 66/10 + (-3)/5. Suppose -z*f + 2*f = 0. Let h(k) = -3*k**3 - 3 - 2 + k + 4*k**3. Determine h(f).
-5
Let r(w) = -10*w**2 - 2*w - 1. Let o be -2*(-1)/14 - 344/56. Let i = -13 + 8. Let j = o - i. Calculate r(j).
-9
Let y be 10/(-2)*204/170. Let p(r) = 5*r**2 - 5*r + 7. Let t(l) = -2*l**2 + 3*l - 3. Let c(b) = 3*p(b) + 7*t(b). What is c(y)?
0
Let i(p) = p**3 + p**2 - 7*p - 5. Let x be 1/2 + (-117)/18. Let m(a) = -a**3 - 2*a**2 + 7*a + 6. Let c(n) = x*i(n) - 5*m(n). Determine c(5).
10
Let t(m) be the third derivative of m**4/24 - m**3/6 - 3*m**2. Let k be t(-3). Let j(p) be the third derivative of -p**4/24 - p**3/3 - 2*p**2. Calculate j(k).
2
Let j(m) = m + 9. Let h = 10 + -9. Suppose -5 = o + h. Give j(o).
3
Let a(n) = n - 2. Let s = -23 + 31. What is a(s)?
6
Suppose -22*y + 52 = -9*y. Let c(f) be the third derivative of 1/60*f**5 + 5/24*f**4 - 5/6*f**3 + y*f**2 + 0 + 0*f. Calculate c(-5).
-5
Suppose 5*q - 4*w = 0, -5*q = -0*q - w. Suppose -2*j + q*j + 6 = 0. Let z(b) be the second derivative of -b**3/3 - b**2/2 - b. Calculate z(j).
-7
Let z(m) = 2*m. Let b be z(2). Let n(d) = -d + d**2 + d - d + 1. Give n(b).
13
Let s(c) = c - 3. Let y be s(4). Let h(p) = y + 2*p - 3*p + p - p. Give h(-5).
6
Suppose -7 = 2*n - 3*n. Suppose 16 = -z + n*a - 2*a, -a = -z. Let w(t) = 2*t**2 - 2*t - 5*t**2 + t**3 - 5 + t. Calculate w(z).
7
Let t(l) = -5*l**3 + 4*l**2 - l + 4. Let r(a) = -a**3 + a + 1. Let o(x) = -6*r(x) + t(x). What is o(-5)?
8
Let f(p) = -p - 1. Suppose 13 = -5*b + 38. Give f(b).
-6
Suppose -3 = 5*j + 7. Let k(b) = b**3 + 5*b**2 + 2*b - 5. Let l be k(-4). Let n(o) = -o**l - 2*o**2 + 0*o**2 + 5*o - 2*o - 4*o. Determine n(j).
2
Let l(w) be the third derivative of -w**6/120 - w**5/12 - w**4/6 - w**3/3 + 9*w**2. Give l(-3).
-8
Let r = 1 - -9. Suppose -r = -2*v - 0. Let k(j) = j + 2*j - v*j. What is k(2)?
-4
Suppose z + 3*z - 8 = 0. Let l(b) = -6*b**3 + z*b - 3 + 6 - 2. Calculate l(-1).
5
Suppose 3*p - g - 3 = 4*p, 5*p - 3*g = 1. Let o = p + 0. Let n(j) be the second derivative of 3*j**5/10 + j**4/6 + j**3/3 + j**2/2 + j. Determine n(o).
-5
Suppose -3*q + 7 = -2. Suppose -q*h = h. Suppose h = -2*z - 2*w, 4*z + 0*w + 6 = 2*w. Let x(d) = 2*d**2 + 2*d + 1. Determine x(z).
1
Let z(j) be the second derivative of j**4/12 - j**3/2 + 3*j**2/2 + 2*j. Calculate z(2).
1
Let t(b) be the third derivative of -b**5/60 + b**4/6 + b**3/3 - 15*b**2. Determine t(3).
5
Suppose -t - 13 = 2*t + 2*c, -5*t - c = 17. Let d(k) be the first derivative of -2*k + 4 - 2/3*k**3 - 2*k**2. What is d(t)?
-8
Let o(q) = q**2 - 6*q - 8. Let b(c) = c**2 - 5*c - 17. Let h be b(-3). Calculate o(h).
-1
Let h(g) be the first derivative of -6 - 2*g + 1/3*g**3 + 5/2*g**2 - 1/4*g**4. Suppose 2*u - 3 = -o, u + 0*u = 0. Calculate h(o).
-5
Let r(s) be the third derivative of s**6/120 - s**5/30 - s**4/6 - 5*s**3/6 + 7*s**2. What is r(4)?
11
Let c(v) = -20 - 24*v + 6*v**3 + 7 + 12*v**2 + 7*v**3. Let t(p) = 3*p**3 + 3*p**2 - 6*p - 3. Let x(m) = 2*c(m) - 9*t(m). Determine x(-4).
-7
Let q(o) = o**2 + 10*o - 1. Suppose -2 = -i - 7. What is q(i)?
-26
Let d = 8 + 2. Suppose 0 = 2*f - d. Let h(w) be the first derivative of -w**2/2 - 3*w + 15. Determine h(f).
-8
Let q(k) be the third derivative of -k**6/120 - k**5/12 - k**4/12 - 5*k**3/6 + 22*k**2. Calculate q(-5).
5
Let q(z) = z**3 + 6*z**2 - 2*z - 4. Let v be (10/(4/(-2)))/(-1). Suppose 4*n - 2 = -v*o - 1, 5*n = -5*o - 5. Determine q(n).
8
Let u(m) = 15*m**3 + 13*m**2 - 9*m - 13. Let s(q) = 4*q**3 + 3*q**2 - 2*q - 3. Let a(k) = 9*s(k) - 2*u(k). Determine a(-1).
-6
Let z(h) = -h + 5. Let g(j) = 2*j**2 - 4*j - 1. Let o be g(3). Suppose 4*k + 3*p - 3 + 24 = 0, -o*p - 12 = -k. Let n be 10/3*k/(-2). What is z(n)?
0
Let w(c) be the first derivative of -c**7/140 - c**6/360 + c**4/24 + c**3 - 1. Let l(z) be the third derivative of w(z). Calculate l(1).
-6
Let r(i) = -3*i**3 - 7*i**2 - 18*i + 11. Let c(l) = -2*l**3 - 3*l**2 - 9*l + 6. Let s(f) = 5*c(f) - 3*r(f). Determine s(7).
11
Let d(m) = -7 - 1 + 7 + m. Let v be -1 - 1 - (1 + 1). What is d(v)?
-5
Suppose 2*s = -3*s + 35. Suppose 0 = -2*h - 1 - s. Let q(x) = x**2 + 2*x - 2. Give q(h).
6
Let g(s) = s + 14. Let w be 1/4 + (-5)/20. Give g(w).
14
Let x(f) = 0*f**3 + f**3 + 39*f + 10 - 38*f. Give x(0).
10
Let n(q) = -q**3 + 5*q**2 + 2*q - 7. Let u(g) = 2*g**2 - 5*g + 2. Let f(x) = x**3 + 11*x**2 - 11*x + 15. Let r be f(-12). Let s be u(r). Give n(s).
3
Suppose 12 = -t + 9. Let j(w) = -w + 4. Determine j(t).
7
Let p(g) = 23*g**2 - 13*g - 4. Let i(n) = 6*n**2 - 3*n - 1. Let q(h) = 9*i(h) - 2*p(h). Let o(l) = -3*l + 4*l - 5 + 0*l. Let u be o(4). Calculate q(u).
8
Let l be (56/(-35))/(3*(-2)/15). Let u(j) be the first derivative of -j**3/3 + 3*j**2 - 6*j - 1. What is u(l)?
2
Let x(y) = -y - 3. Let c be x(-6). Suppose 4*q = -c*u + 13, 2*u + 3*q - 4*q - 5 = 0. Let a(m) = 3*m**2 - m**3 + 0*m**3 - 3 + 3*m**u - m**3. Give a(-3).
-3
Let v = 0 - -6. Let d(q) = -q**3 + 7*q**2 - 9*q + 2. Give d(v).
-16
Let q(y) = -2*y**3 - 2*y**2 + 1. Let p be q(-1). Let s(c) = -c**2 - 8*c + 2. Let h(w) = -w + 1. Let z(x) = p*s(x) - 4*h(x). Give z(-3).
1
Let d(w) = -4*w + 3. Let b(o) = 3*o - 2. Let j = -5 + 10. Let t(s) = j*b(s) + 4*d(s). Let x be 3/2 + (-4)/(-8). Give t(x).
0
Suppose 6 = 3*k - k. Suppose 0 = k*l - 8 + 20. Let m(o) = 2*o**2 - o + 7. Let i(q) = q**2 + 3. Let t(j) = -9*i(j) + 4*m(j). What is t(l)?
1
Let t(m) = m - 7. Let d be t(9). Let g(i) = -i + 0*i**d + 8*i - i**2 - 4. Give g(5).
6
Let o(b) = -b + 2. Suppose -2*i + 9 = -4*m - 7*i, -4*m - 39 = -5*i. Calculate o(m).
8
Let c(h) be the third derivative of h**6/40 - h**4/24 - 6*h**2. Determine c(1).
2
Suppose -a + 5 = -0*a. Let b(n) be the third derivative of 0*n**3 + 0*n - 2*n**2 + 1/60*n**a + 0 + 1/12*n**4. Give b(-2).
0
Let r(o) = o**3 + o**2 - o - 2. Let a be r(-2). Let q(g) = 2*g - 5. Let n be q(4). Let y(j) = -6*j - n + 2*j + 9*j + 2*j**2. Calculate y(a).
9
Suppose -40 = 4*s - 40. Let a(l) be the second derivative of l**3/6 - 2*l**2 + l. Give a(s).
-4
Let t(w) = 2*w + 6. Suppose 0 = 2*o - 4*a, 5*o = -3*a + a + 24. Suppose 3*s = 2*s + o. Suppose -2*p - s = -p. Give t(p).
-2
Let p(q) = q**3 - 11*q**2 - 4*q + 39. Let s be p(11). Let l(b) = b**2 + 4*b - 3. Give l(s).
2
Let w be (0 - (-4)/(-6))/(-2). Let z(d) be the first derivative of w*d**3 - 2*d**2 + 0*d - 4. What is z(4)?
0
Suppose -5 = l + 7. Let r = -12 - l. Let p(x) = -x**2 + x + 7. What is p(r)?
7
Let n(p) = -5*p + 1 + 5*p**2 - 4*p**2 - 2*p**2. Calculate n(-6).
-5
Let l(v) be the second derivative of -v**4/12 + 2*v**3/3 + v**2/2 - 7*v. Calculate l(5).
-4
Let o be (1/3)/((-3)/(-18)). Let i(j) = -2*j**2 - 2*j. Calculate i(o).
-12
Let j(l) = l**3 + 24*l**2 - 3*l - 77. Let g be j(-24). Let y(q) = q**2 + 3*q - 7. Determine y(g).
3
Let y(t) be the third derivative of -t**5/20 + t**4/6 - t**3/3 - 7*t**2. Let d = -3 + 5. Determine y(d).
-6
Let j(n) be the third derivative of -n**4/24 + n**3/6 - 59*n**2. Give j(-6).
7
Let b = 6 - 8. Let j(s) = -s**2 + 2*s + 3. Calculate j(b).
-5
Let w(r) be the second derivative of -r**4/6 + r**2 - r. Let a be -3*(-1 + (-20)/(-6)). Let t = 5 + a. Determine w(t).
-6
Suppose -2*k = -5*h - 0*k + 12, 0 = 2*h - k - 4. Suppose -2*n + 2 + h = 0. Suppose 0 = -n*y - y + 16. Let u(c) = c**3 - 3*c**2 - 3*c + 4. Give u(y).
8
Let b = 30 - 28. Let c(o) = 3*o + 2. Let p = 1 - 7. Let w(n) = 2*n + 1. Let y(k) = p*c(k) + 10*w(k). Determine y(b).
2
Let h(n) be the first derivative of 1/3*n**3 + n - n**2 - 4. Give h(2